{"id":216,"date":"2010-07-09T00:02:02","date_gmt":"2010-07-09T05:02:02","guid":{"rendered":"http:\/\/www.myriamjimeno.com\/?page_id=216"},"modified":"2019-10-09T12:55:00","modified_gmt":"2019-10-09T17:55:00","slug":"conflicto-social","status":"publish","type":"page","link":"https:\/\/www.myriamjimeno.com\/?page_id=216","title":{"rendered":"Grupo Conflicto Social y Violencia"},"content":{"rendered":"<p><span style=\"color: #003366; font-size: medium;\">Presentaci\u00f3n <\/span><\/p>\n<p>El grupo de investigaci\u00f3n de Conflicto Social y violencia (GCSV) nace en 1993 del inter\u00e9s de Myriam Jimeno, por profundizar en conocimientos sobre las implicaciones de la acci\u00f3n violenta. Para un primer proyecto, se conform\u00f3 un grupo interdisciplinario de antrop\u00f3logos, psiquiatras, profesores de la universidad nacional y un estad\u00edstico tambi\u00e9n profesor de la universidad. El Grupo continu\u00f3 con el inter\u00e9s de reflexionar sobre sobre los marcos culturales e hist\u00f3ricos que llevan a que un conflicto desemboque en el uso de la violencia. Actualmente, el grupo est\u00e1 compuesto por 27 integrantes, entre estudiantes de pregrado, maestr\u00eda, doctorado, egresados, investigadores nacionales e internacionales. Como motivaci\u00f3n central, GCSV trabaja conjuntamente para generar un espacio donde la docencia y la investigaci\u00f3n confluyen en la producci\u00f3n y visibilizaci\u00f3n de nuevas perspectivas. La atmosfera de trabajo de El Grupo se caracteriza por un especial \u00e9nfasis en la narrativa de las perspectivas, el trabajo sobre la experiencia de los sujetos, y la mirada hacia la violencia como acto relacional, intencional y culturalmente modelado. En igual medida, los procesos investigativos est\u00e1n constantemente acompa\u00f1ados de preguntas sobre los nexos, din\u00e1micas, interpretaciones y representaciones asociadas al objeto de estudio. En los 26 a\u00f1os de trayectoria del grupo, se ha trabajado sobre 734 productos de investigaci\u00f3n entre participaciones en eventos acad\u00e9micos, publicaciones; 40 libros, 199 art\u00edculos y 12 direcciones de tesis. El Grupo est\u00e1 reconocido por COLCIENCIAS en la categor\u00eda A1 desde el a\u00f1o 2009 y contin\u00faa en dicha categor\u00eda hasta el a\u00f1o 2021.<\/p>\n<p><span style=\"color: #003366; font-size: medium;\">L\u00edneas de investigaci\u00f3n<\/span><\/p>\n<p><span style=\"font-size: medium;\"><span style=\"color: #333333;\">Cultura y violencia: <\/span>Tiene como objetivo estudiar las interacciones sociales en las cuales los conflictos desembocan en el empleo de la violencia. El proyecto actual tiene como objetivo estudiar la manera como las personas que han sufrido eventos de violencia extrema recomponen su vida personal y su participaci\u00f3n ciudadana y enfatiza en los mecanismos emocionales y culturales que se emplean en el proceso de recomposici\u00f3n personal y social. En los \u00faltimos a\u00f1os ha trabajado sobre el crimen pasional en un estudio comparativo entre Brasil y Colombia y en la propuesta de una metodolog\u00eda de intervenci\u00f3n social para prevenir violencia dom\u00e9stica denominada metodolog\u00eda de la experiencia. En la cual se recogen los resultados del trabajo de investigaci\u00f3n.<\/span><\/p>\n<p><span style=\"font-size: medium;\"><span style=\"color: #333333;\">Movilidad forzosa y ciudad:<\/span>&nbsp;Se propone estudiar fen\u00f3menos de movilidad y en diversos contextos sociales que cubren desde la migraci\u00f3n forzosa hasta la b\u00fasqueda de oportunidades vitales. Se detiene en especial en las acciones y estrategias socioculturales que despliegan los actores sociales en los nuevos contextos de vida y las forma como rememoran sus lugares previos de residencia.<\/span><\/p>\n<p><span style=\"color: #333333;\">Configuraci\u00f3n emotiva:&nbsp;<\/span> conjunto entrelazado de cognici\u00f3n y emoci\u00f3n. Los 3 agentes de la configuraci\u00f3n.<br \/>\nEl \u00e9nfasis en las emociones como parte de la acci\u00f3n humana, relacionales, culturales y parte de las jerarqu\u00edas sociales: se ampl\u00eda su uso en el Grupo.<\/p>\n<p><span style=\"color: #003366; font-size: medium;\">Programas de posgrado a los que est\u00e1n vinculados los investigadores del grupo<\/span><\/p>\n<p><span style=\"font-size: medium;\">Doctorado y Maestr\u00eda en Antropolog\u00eda Social, Universidad Nacional de Colombia.<\/span><\/p>\n<p><span style=\"color: #003366; font-size: medium;\">Directora del Grupo <\/span><\/p>\n<p><span style=\"font-size: medium;\"> Myriam Jimeno Santoyo. Doctora en Antropolog\u00eda, Universidad de Brasilia. Correo electr\u00f3nico: <a href=\"mailto:msjimenos@unal.edu.co\">msjimenos@unal.edu.co<\/a><\/span><\/p>\n<p><span style=\"color: #003366; font-size: medium;\">Miembros asociados en la actualidad al grupo de investigaci\u00f3n<\/span><\/p>\n<ul style=\"list-style-type: circle;\">\n<li>Alice Gwen Burnyeat &nbsp;<a href=\"mailto:anburnyeat@unal.edu.co\">anburnyeat@unal.edu.co<\/a><\/li>\n<li>Andr\u00e9s Cancimance&nbsp;<a href=\"mailto:cancimance5@gmail.com\">cancimance5@gmail.com<\/a><\/li>\n<li>Andr\u00e9s G\u00f3ngora&nbsp;<a href=\"mailto:algongoras@unal.edu.co\">algongoras@unal.edu.co<\/a><\/li>\n<li>\u00c1ngela Castillo <a href=\"mailto:angelita.castillo@gmail.com\">angelita.castillo@gmail.com<\/a><\/li>\n<li>\u00c1ngelica Franco&nbsp;<a href=\"mailto:anfrancog@unal.edu.co\">anfrancog@unal.edu.co<\/a><\/li>\n<li>Carlos Jos\u00e9 Su\u00e1rez <a href=\"mailto:cjsuarezg@unal.edu.co\">cjsuarezg@unal.edu.co<\/a><\/li>\n<li>Daniel Varela <a href=\"mailto:danielv_85@hotmail.com\">danielv_85@hotmail.com<\/a><\/li>\n<li>Ingrid Carolina Pab\u00f3n <a href=\"mailto:icpabons@unal.edu.co\">icpabons@unal.edu.co<\/a><\/li>\n<li>Juan Carlos Pati\u00f1o&nbsp;<a href=\"mailto:jcpprieto@gmail.com\">jcpprieto@gmail.com<\/a><\/li>\n<li>Luis Daniel Ram\u00edrez&nbsp;<a href=\"mailto:luisdanielram@gmail.com\">luisdanielram@gmail.com<\/a><\/li>\n<li>Marco Juli\u00e1n Mart\u00ednez <a href=\"mailto:akkmjm@gmail.com\">akkmjm@gmail.com<\/a><\/li>\n<li>Mar\u00eda Ang\u00e9lica Garz\u00f3n&nbsp;<a href=\"mailto:magarzonm@gmail.com\">magarzonm@gmail.com<\/a><\/li>\n<li>Mar\u00eda Jimena L\u00f3pez&nbsp;<a href=\"mailto:mariajalopez@gmail.com\">mariajalopez@gmail.com<\/a><\/li>\n<li>Ana Mar\u00eda Forero <a href=\"mailto:am.forero260@uniandes.edu.co\">am.forero260@uniandes.edu.co&nbsp;<\/a><\/li>\n<li>Yaid Ferley Bola\u00f1os <a href=\"mailto:ybolanos@unal.edu.co\">ybolanos@unal.edu.co<\/a>&nbsp;<\/li>\n<li>Constanza Mill\u00e1n <a href=\"mailto:constanza.millan@gmail.com\">constanza.millan@gmail.com<\/a><\/li>\n<li>Carolina Restrepo <a href=\"mailto:crestrepos@unal.edu.co\">crestrepos@unal.edu.co<\/a>&nbsp;<\/li>\n<li>Catalina Cortes Severino <a href=\"mailto:ccortess@unal.edu.co\">ccortess@unal.edu.co&nbsp;<\/a><\/li>\n<\/ul>\n<p><span style=\"color: #003366; font-size: medium;\">Informaci\u00f3n de Contacto<\/span><\/p>\n<p><span style=\"font-size: medium;\">Centro de Estudios Sociales CES<br \/>\nUniversidad Nacional de Colombia<br \/>\nCalle 44 # 45-67, Bloque B5 Oficina 5-10, Unidad Camilo Torres.<br \/>\nBogot\u00e1 D.C.<br \/>\nColombia, Sudam\u00e9rica.<\/span><\/p>\n<p><span style=\"font-size: medium;\">Tel\u00e9fono: +57 (1)3165000<br \/>\nInterno:&nbsp;ext. 10287<br \/>\nFax: +57 (1)3165137<\/span><\/p>\n<p>&nbsp;<\/p>\n<p>&nbsp;<\/p>\n<p>&nbsp;<\/p>\n","protected":false},"excerpt":{"rendered":"<p>Presentaci\u00f3n El grupo de investigaci\u00f3n de Conflicto Social y violencia (GCSV) nace en 1993 del inter\u00e9s de Myriam Jimeno, por profundizar en conocimientos sobre las implicaciones de la acci\u00f3n violenta. Para un primer proyecto, se conform\u00f3 un grupo interdisciplinario de antrop\u00f3logos, psiquiatras, profesores de la universidad nacional y un estad\u00edstico <a href=\"https:\/\/www.myriamjimeno.com\/?page_id=216\" class=\"btn btn-link continue-link\">Seguir leyendo<\/a><\/p>\n","protected":false},"author":1,"featured_media":0,"parent":21,"menu_order":1,"comment_status":"open","ping_status":"open","template":"","meta":{"ngg_post_thumbnail":0,"footnotes":""},"class_list":["post-216","page","type-page","status-publish","hentry"],"_links":{"self":[{"href":"https:\/\/www.myriamjimeno.com\/index.php?rest_route=\/wp\/v2\/pages\/216","targetHints":{"allow":["GET"]}}],"collection":[{"href":"https:\/\/www.myriamjimeno.com\/index.php?rest_route=\/wp\/v2\/pages"}],"about":[{"href":"https:\/\/www.myriamjimeno.com\/index.php?rest_route=\/wp\/v2\/types\/page"}],"author":[{"embeddable":true,"href":"https:\/\/www.myriamjimeno.com\/index.php?rest_route=\/wp\/v2\/users\/1"}],"replies":[{"embeddable":true,"href":"https:\/\/www.myriamjimeno.com\/index.php?rest_route=%2Fwp%2Fv2%2Fcomments&post=216"}],"version-history":[{"count":25,"href":"https:\/\/www.myriamjimeno.com\/index.php?rest_route=\/wp\/v2\/pages\/216\/revisions"}],"predecessor-version":[{"id":1539,"href":"https:\/\/www.myriamjimeno.com\/index.php?rest_route=\/wp\/v2\/pages\/216\/revisions\/1539"}],"up":[{"embeddable":true,"href":"https:\/\/www.myriamjimeno.com\/index.php?rest_route=\/wp\/v2\/pages\/21"}],"wp:attachment":[{"href":"https:\/\/www.myriamjimeno.com\/index.php?rest_route=%2Fwp%2Fv2%2Fmedia&parent=216"}],"curies":[{"name":"wp","href":"https:\/\/api.w.org\/{rel}","templated":true}]}}

<p><span style="color: #003366; font-size: medium;">Presentación </span></p>
<p>El grupo de investigación de Conflicto Social y violencia (GCSV) nace en 1993 del interés de Myriam Jimeno, por profundizar en conocimientos sobre las implicaciones de la acción violenta. Para un primer proyecto, se conformó un grupo interdisciplinario de antropólogos, psiquiatras, profesores de la universidad nacional y un estadístico también profesor de la universidad. El Grupo continuó con el interés de reflexionar sobre sobre los marcos culturales e históricos que llevan a que un conflicto desemboque en el uso de la violencia. Actualmente, el grupo está compuesto por 27 integrantes, entre estudiantes de pregrado, maestría, doctorado, egresados, investigadores nacionales e internacionales. Como motivación central, GCSV trabaja conjuntamente para generar un espacio donde la docencia y la investigación confluyen en la producción y visibilización de nuevas perspectivas. La atmosfera de trabajo de El Grupo se caracteriza por un especial énfasis en la narrativa de las perspectivas, el trabajo sobre la experiencia de los sujetos, y la mirada hacia la violencia como acto relacional, intencional y culturalmente modelado. En igual medida, los procesos investigativos están constantemente acompañados de preguntas sobre los nexos, dinámicas, interpretaciones y representaciones asociadas al objeto de estudio. En los 26 años de trayectoria del grupo, se ha trabajado sobre 734 productos de investigación entre participaciones en eventos académicos, publicaciones; 40 libros, 199 artículos y 12 direcciones de tesis. El Grupo está reconocido por COLCIENCIAS en la categoría A1 desde el año 2009 y continúa en dicha categoría hasta el año 2021.</p>
<p><span style="color: #003366; font-size: medium;">Líneas de investigación</span></p>
<p><span style="font-size: medium;"><span style="color: #333333;">Cultura y violencia: </span>Tiene como objetivo estudiar las interacciones sociales en las cuales los conflictos desembocan en el empleo de la violencia. El proyecto actual tiene como objetivo estudiar la manera como las personas que han sufrido eventos de violencia extrema recomponen su vida personal y su participación ciudadana y enfatiza en los mecanismos emocionales y culturales que se emplean en el proceso de recomposición personal y social. En los últimos años ha trabajado sobre el crimen pasional en un estudio comparativo entre Brasil y Colombia y en la propuesta de una metodología de intervención social para prevenir violencia doméstica denominada metodología de la experiencia. En la cual se recogen los resultados del trabajo de investigación.</span></p>
<p><span style="font-size: medium;"><span style="color: #333333;">Movilidad forzosa y ciudad:</span>&nbsp;Se propone estudiar fenómenos de movilidad y en diversos contextos sociales que cubren desde la migración forzosa hasta la búsqueda de oportunidades vitales. Se detiene en especial en las acciones y estrategias socioculturales que despliegan los actores sociales en los nuevos contextos de vida y las forma como rememoran sus lugares previos de residencia.</span></p>
<p><span style="color: #333333;">Configuración emotiva:&nbsp;</span> conjunto entrelazado de cognición y emoción. Los 3 agentes de la configuración.<br />
El énfasis en las emociones como parte de la acción humana, relacionales, culturales y parte de las jerarquías sociales: se amplía su uso en el Grupo.</p>
<p><span style="color: #003366; font-size: medium;">Programas de posgrado a los que están vinculados los investigadores del grupo</span></p>
<p><span style="font-size: medium;">Doctorado y Maestría en Antropología Social, Universidad Nacional de Colombia.</span></p>
<p><span style="color: #003366; font-size: medium;">Directora del Grupo </span></p>
<p><span style="font-size: medium;"> Myriam Jimeno Santoyo. Doctora en Antropología, Universidad de Brasilia. Correo electrónico: <a href="mailto:msjimenos@unal.edu.co">msjimenos@unal.edu.co</a></span></p>
<p><span style="color: #003366; font-size: medium;">Miembros asociados en la actualidad al grupo de investigación</span></p>
<ul style="list-style-type: circle;">
<li>Alice Gwen Burnyeat &nbsp;<a href="mailto:anburnyeat@unal.edu.co">anburnyeat@unal.edu.co</a></li>
<li>Andrés Cancimance&nbsp;<a href="mailto:cancimance5@gmail.com">cancimance5@gmail.com</a></li>
<li>Andrés Góngora&nbsp;<a href="mailto:algongoras@unal.edu.co">algongoras@unal.edu.co</a></li>
<li>Ángela Castillo <a href="mailto:angelita.castillo@gmail.com">angelita.castillo@gmail.com</a></li>
<li>Ángelica Franco&nbsp;<a href="mailto:anfrancog@unal.edu.co">anfrancog@unal.edu.co</a></li>
<li>Carlos José Suárez <a href="mailto:cjsuarezg@unal.edu.co">cjsuarezg@unal.edu.co</a></li>
<li>Daniel Varela <a href="mailto:danielv_85@hotmail.com">danielv_85@hotmail.com</a></li>
<li>Ingrid Carolina Pabón <a href="mailto:icpabons@unal.edu.co">icpabons@unal.edu.co</a></li>
<li>Juan Carlos Patiño&nbsp;<a href="mailto:jcpprieto@gmail.com">jcpprieto@gmail.com</a></li>
<li>Luis Daniel Ramírez&nbsp;<a href="mailto:luisdanielram@gmail.com">luisdanielram@gmail.com</a></li>
<li>Marco Julián Martínez <a href="mailto:akkmjm@gmail.com">akkmjm@gmail.com</a></li>
<li>María Angélica Garzón&nbsp;<a href="mailto:magarzonm@gmail.com">magarzonm@gmail.com</a></li>
<li>María Jimena López&nbsp;<a href="mailto:mariajalopez@gmail.com">mariajalopez@gmail.com</a></li>
<li>Ana María Forero <a href="mailto:am.forero260@uniandes.edu.co">am.forero260@uniandes.edu.co&nbsp;</a></li>
<li>Yaid Ferley Bolaños <a href="mailto:ybolanos@unal.edu.co">ybolanos@unal.edu.co</a>&nbsp;</li>
<li>Constanza Millán <a href="mailto:constanza.millan@gmail.com">constanza.millan@gmail.com</a></li>
<li>Carolina Restrepo <a href="mailto:crestrepos@unal.edu.co">crestrepos@unal.edu.co</a>&nbsp;</li>
<li>Catalina Cortes Severino <a href="mailto:ccortess@unal.edu.co">ccortess@unal.edu.co&nbsp;</a></li>
</ul>
<p><span style="color: #003366; font-size: medium;">Información de Contacto</span></p>
<p><span style="font-size: medium;">Centro de Estudios Sociales CES<br />
Universidad Nacional de Colombia<br />
Calle 44 # 45-67, Bloque B5 Oficina 5-10, Unidad Camilo Torres.<br />
Bogotá D.C.<br />
Colombia, Sudamérica.</span></p>
<p><span style="font-size: medium;">Teléfono: +57 (1)3165000<br />
Interno:&nbsp;ext. 10287<br />
Fax: +57 (1)3165137</span></p>
<p>&nbsp;</p>
<p>&nbsp;</p>
<p>&nbsp;</p>

<p>Presentación El grupo de investigación de Conflicto Social y violencia (GCSV) nace en 1993 del interés de Myriam Jimeno, por profundizar en conocimientos sobre las implicaciones de la acción violenta. Para un primer proyecto, se conformó un grupo interdisciplinario de antropólogos, psiquiatras, profesores de la universidad nacional y un estadístico <a href="https://www.myriamjimeno.com/?page_id=216" class="btn btn-link continue-link">Seguir leyendo</a></p>
